divisor of 10 and 14640?
10
What is the highest common factor of 592 and 144?
16
What is the highest common divisor of 70 and 8918?
14
Calculate the highest common factor of 45 and 180.
45
Calculate the greatest common factor of 48 and 37488.
48
What is the greatest common divisor of 17 and 323?
17
Calculate the highest common divisor of 6 and 24.
6
What is the greatest common divisor of 31 and 7936?
31
What is the highest common factor of 171 and 6441?
57
What is the greatest common divisor of 630 and 2394?
126
Calculate the greatest common factor of 157 and 9.
1
Calculate the highest common divisor of 90 and 216.
18
What is the highest common factor of 42 and 826?
14
Calculate the greatest common divisor of 40 and 310.
10
Calculate the highest common factor of 469 and 201.
67
What is the greatest common divisor of 45 and 153?
9
Calculate the highest common divisor of 76 and 19874.
38
What is the highest common factor of 28 and 385?
7
Calculate the highest common divisor of 82 and 328.
82
What is the highest common divisor of 16 and 3184?
16
What is the greatest common divisor of 931 and 399?
133
What is the greatest common factor of 105 and 910?
35
Calculate the greatest common divisor of 1927 and 47.
47
What is the greatest common factor of 176 and 1656?
8
What is the greatest common factor of 32 and 88?
8
What is the greatest common divisor of 221 and 17?
17
What is the highest common divisor of 1200 and 840?
120
What is the highest common factor of 496 and 1550?
62
What is the highest common factor of 274 and 14?
2
Calculate the highest common divisor of 6 and 24.
6
Calculate the greatest common divisor of 273 and 156.
39
Calculate the greatest common factor of 9196 and 152.
76
What is the highest common factor of 324 and 1548?
36
What is the greatest common divisor of 165 and 3520?
55
What is the highest common divisor of 65 and 247?
13
Calculate the greatest common factor of 1075 and 25.
25
Calculate the highest common divisor of 77 and 187.
11
Calculate the greatest common divisor of 6 and 326.
2
Calculate the highest common factor of 24 and 996.
12
What is the greatest common factor of 13400 and 200?
200
Calculate the highest common factor of 700 and 126.
14
What is the greatest common divisor of 12 and 4?
4
Calculate the greatest common factor of 2 and 97.
1
What is the greatest common factor of 240 and 216?
24
What is the greatest common divisor of 60 and 4215?
15
Calculate the greatest common factor of 1771 and 77.
77
What is the greatest common divisor of 40 and 1620?
20
Calculate the highest common factor of 9 and 234.
9
Calculate the highest common factor of 170 and 6766.
34
Calculate the highest common factor of 40 and 7810.
10
Calculate the highest common divisor of 13 and 19487.
13
What is the highest common factor of 321 and 21?
3
What is the highest common factor of 100 and 76?
4
Calculate the highest common divisor of 2993 and 41.
41
Calculate the greatest common factor of 336 and 1190.
14
Calculate the highest common divisor of 1215 and 18.
9
Calculate the highest common factor of 1380 and 6.
6
What is the greatest common factor of 372 and 4185?
93
What is the greatest common divisor of 92 and 60?
4
What is the greatest common factor of 10 and 8770?
10
Calculate the highest common divisor of 1540 and 260.
20
What is the highest common factor of 407 and 11?
11
What is the greatest common divisor of 275 and 165?
55
Calculate the highest common divisor of 1958 and 187.
11
Calculate the highest common factor of 126 and 12516.
42
Calculate the highest common factor of 155 and 527.
31
Calculate the highest common divisor of 618 and 6.
6
What is the highest common divisor of 75 and 250?
25
What is the highest common divisor of 75 and 39525?
75
Calculate the highest common divisor of 1403 and 23.
23
Calculate the highest common factor of 402 and 938.
134
Calculate the greatest common factor of 6108 and 24.
12
Calculate the greatest common factor of 638 and 29.
29
Calculate the highest common divisor of 42 and 6366.
6
What is the greatest common factor of 1216 and 192?
64
Calculate the highest common divisor of 73 and 1825.
73
What is the highest common factor of 735 and 42?
21
Calculate the greatest common divisor of 91 and 39.
13
Calculate the highest common factor of 20 and 700.
20
What is the greatest common divisor of 360 and 40?
40
What is the greatest common divisor of 493 and 544?
17
What is the greatest common divisor of 192 and 128?
64
What is the greatest common factor of 17 and 2363?
17
What is the highest common factor of 126 and 1414?
14
What is the greatest common factor of 448 and 84?
28
What is the highest common factor of 93 and 589?
31
Calculate the greatest common factor of 60 and 4770.
30
What is the highest common factor of 99 and 44?
11
Calculate the greatest common factor of 4 and 362.
2
What is the highest common factor of 459 and 102?
51
What is the greatest common divisor of 1080 and 675?
135
What is the greatest common factor of 26 and 208?
26
What is the greatest common divisor of 77 and 22?
11
What is the greatest common divisor of 110 and 2134?
22
What is the highest common factor of 19257 and 147?
147
What is the highest common factor of 167 and 6179?
167
Calculate the highest common divisor of 616 and 55.
11
What is the highest common factor of 110 and 1385?
5
Calculate the greatest common factor of 231 and 11.
11
Calculate the highest common divisor of 31 and 1643.
31
What is the highest common factor of 13750 and 22?
22
Calculate the greatest common factor of 34 and 9469.
17
Calculate the greatest common divisor of 329 and 141.
47
What is the highest common factor of 1488 and 624?
48
Calculate the greatest common divisor of 536 and 24.
8
What is the greatest common factor of 136 and 1615?
17
What is the greatest common factor of 208 and 754?
26
What is the highest common divisor of 12 and 300?
12
What is the highest common divisor of 95 and 25?
5
Calculate the highest common factor of 6 and 6.
6
Calculate the highest common divisor of 535 and 642.
107
Calculate the highest common divisor of 208 and 5584.
16
Calculate the highest common divisor of 8 and 67.
1
Calculate the greatest common factor of 18 and 5088.
6
Calculate the highest common divisor of 49 and 1029.
49
What is the highest common divisor of 30 and 250?
10
Calculate the highest common divisor of 1133 and 103.
103
Calculate the greatest common divisor of 1530 and 135.
45
Calculate the greatest common divisor of 185 and 5.
5
Calculate the greatest common factor of 13124 and 17.
17
What is the greatest common divisor of 72 and 8?
8
Calculate the greatest common factor of 564 and 96.
12
Calculate the greatest common divisor of 50583 and 52.
13
Calculate the greatest common divisor of 6132 and 224.
28
Calculate the greatest common factor of 19257 and 147.
147
What is the highest common divisor of 16 and 232?
8
What is the greatest common factor of 10 and 5680?
10
What is the highest common divisor of 240 and 11784?
24
Calculate the greatest common divisor of 44 and 158.
2
What is the highest common factor of 29559 and 354?
177
What is the highest common divisor of 33 and 286?
11
What is the highest common factor of 1914 and 261?
87
What is the greatest common divisor of 18 and 4527?
9
Calculate the highest common factor of 56 and 21.
7
What is the greatest common factor of 50 and 225?
25
Calculate the greatest common divisor of 805 and 920.
115
Calculate the highest common factor of 602 and 43.
43
Calculate the greatest common divisor of 2465 and 595.
85
Calculate the greatest common divisor of 864 and 32.
32
Calculate the highest common factor of 1056 and 66.
66
What is the highest common factor of 560 and 210?
70
Calculate the highest common divisor of 26 and 325.
13
What is the highest common factor of 490 and 2660?
70
What is the highest common factor of 949 and 13?
13
What is the highest common divisor of 136 and 1734?
34
Calculate the greatest common divisor of 2241 and 135.
27
What is the highest common factor of 3385 and 5?
5
Calculate the highest common factor of 210 and 765.
15
Calculate the greatest common divisor of 2046 and 248.
62
Calculate the highest common divisor of 484 and 363.
121
What is the highest common diviso